+ 6753*p - 118. Give f(-14).
8
Let r(l) = -l**3 + 33*l**2 - 116*l + 51. Give r(29).
51
Let n(m) = -147*m - 50575. Calculate n(-344).
-7
Let q(i) = -1599885*i + 1599945. What is q(1)?
60
Let c(m) = -13*m**2 - 12589*m + 1090326. Give c(80).
6
Let j(l) = -713*l - 17128. What is j(-24)?
-16
Let h(t) = -t**2 + 5422*t + 81573. Determine h(-15).
18
Let w(y) = -1359*y + 254094. Calculate w(187).
-39
Let v(f) = -3*f**3 - 620*f**2 + 809*f - 4775. Give v(-208).
9
Let o(s) = -63*s**2 - 1433*s - 45. Determine o(-22).
989
Let y(c) = c**3 - 418*c**2 + 342*c + 31274. Give y(417).
-1
Let g(v) = -3*v**2 - 2198*v - 57372. Calculate g(-27).
-213
Let y(v) = -2*v**3 + 2*v**2 - 4841*v + 9688. Give y(2).
-2
Let d(p) = 14*p**2 + 584*p + 5669. Give d(-16).
-91
Let x(i) = -1525*i + 199746. Calculate x(131).
-29
Let v(t) = 11500*t - 57839. Calculate v(5).
-339
Let k(x) = 17*x**2 + 1129*x - 27567. Calculate k(19).
21
Let v(x) = x**3 + 23*x**2 + 643*x + 11683. Determine v(-20).
23
Let j(h) = -h**3 + 139*h**2 + 144*h + 169. What is j(140)?
729
Let v(h) = -44*h**2 + 381*h - 2313. What is v(6)?
-1611
Let a(q) = -1816*q**2 - 3651*q - 35. Calculate a(-2).
3
Let c(y) = 2*y**3 + 8*y**2 + 3177*y + 9522. Determine c(-3).
9
Let l(g) = -6777*g - 135515. What is l(-20)?
25
Let w(a) = -a**2 - 165*a + 4936. Give w(-199).
-1830
Let v(s) = 26*s - 3152. Give v(18).
-2684
Let l(a) = 1363*a - 29202. Calculate l(24).
3510
Let i(z) = -21*z**2 + 24*z + 10. Calculate i(-10).
-2330
Let b(f) = -61*f - 1422. Calculate b(-21).
-141
Let b(c) = 19*c**2 + 3450*c + 10284. Give b(-3).
105
Let u(n) = -n**3 + 42*n**2 - 322*n - 306. Calculate u(14).
674
Let c(u) = 4*u**2 - 1630*u + 18244. What is c(11)?
798
Let k(c) = -1780*c - 10357. Give k(-6).
323
Let l(m) = -2*m**3 - 822*m**2 - 34213*m + 1093. Calculate l(-364).
1
Let f(u) = 837*u - 19171. Calculate f(23).
80
Let o(t) = -89178*t - 267535. Calculate o(-3).
-1
Let y(o) = -o**3 + 307*o**2 + 38*o - 11796. What is y(307)?
-130
Let t(r) = 14059*r - 13518. Determine t(1).
541
Let y(u) = 57841*u + 925430. Give y(-16).
-26
Let a(y) = -2621*y - 115310. Give a(-44).
14
Let v(r) = 15198*r - 121591. Give v(8).
-7
Let q(m) = m**2 - 856*m + 68261. Give q(89).
-2
Let a(t) = -5187*t + 36309. What is a(7)?
0
Let u(d) = 2*d**2 + 92429*d + 277292. Calculate u(-3).
23
Let o(p) = 29588*p + 29610. What is o(-1)?
22
Let b(t) = -t**3 - 82*t**2 - 1455*t - 1697. What is b(-57)?
13
Let v(z) = -60*z**2 + 1013*z - 2463. Give v(14).
-41
Let m(h) = 105*h**2 + 4625*h + 259. What is m(-44)?
39
Let h(b) = 206*b - 233. Calculate h(-3).
-851
Let q(a) = a**3 - 141*a**2 + 2718*a - 67. Determine q(23).
25
Let m(z) = -z**3 - 170*z**2 - 9*z - 1362. Calculate m(-170).
168
Let h(b) = -5*b**2 - 5380*b - 5360. Calculate h(-1).
15
Let d(p) = -64087*p - 64092. Calculate d(-1).
-5
Let k(w) = 3*w**2 - 170*w + 2288. Determine k(25).
-87
Let r(b) = -3*b**2 + 49*b + 95014. What is r(-170)?
-16
Let d(y) = -8037*y + 827795. What is d(103)?
-16
Let s(z) = 187233*z - 8238250. Determine s(44).
2
Let q(n) = -16*n**2 - 324*n + 2794. What is q(9)?
-1418
Let r(b) = -3359*b - 265368. Give r(-79).
-7
Let j(s) = -10*s**3 - 6429*s**2 + 727*s + 54086. What is j(-643)?
74
Let d(l) = -49*l**2 - 1364*l - 3348. Calculate d(-25).
127
Let w(d) = -d**2 + 2709*d - 1454592. Give w(738).
6
Let p(k) = -5*k**2 + 276*k + 4794. Calculate p(69).
33
Let l(k) = -7*k**2 - 213*k - 2034. Give l(-13).
-448
Let f(s) = 4*s**2 + 107*s - 384690. Determine f(297).
-75
Let t(a) = -1822*a + 3630. Calculate t(2).
-14
Let a(t) = 114*t**3 + 457*t**2 + 24*t + 125. Calculate a(-4).
45
Let g(j) = -460*j - 7242. Calculate g(-16).
118
Let c(f) = 5*f**3 + 31*f**2 - 111*f + 18. Give c(3).
99
Let k(q) = 38608*q - 77264. What is k(2)?
-48
Let q(t) = -t**3 + 41*t**2 - 295*t + 196. Determine q(30).
1246
Let z(c) = -88*c**2 - 5458*c - 112. Calculate z(-62).
12
Let o(y) = 8*y**2 + 68*y - 7106. Calculate o(27).
562
Let y(f) = 39145*f + 234911. What is y(-6)?
41
Let o(t) = 3*t**3 - 53*t**2 + 136*t - 760. Calculate o(16).
136
Let l(q) = q**3 - 157*q**2 - 536*q - 160. What is l(-3)?
8
Let a(q) = q**3 + 222*q**2 - 7562*q - 360. Give a(30).
-420
Let q(j) = -j**2 - 5019*j + 1251165. Determine q(238).
-1
Let o(w) = -w**2 + 204*w - 5739. Determine o(34).
41
Let g(x) = -x**3 + 136*x**2 + 1646*x + 433. Determine g(-11).
114
Let f(n) = -85*n**3 + 2*n**2 + 9*n - 27. Calculate f(2).
-681
Let o(v) = -4480*v - 376386. Determine o(-84).
-66
Let b(s) = 20*s**2 + 2324*s + 66995. Determine b(-53).
3
Let c(f) = -45*f**2 + 1471*f + 555. Give c(33).
93
Let u(p) = 8138*p - 48872. Calculate u(6).
-44
Let a(n) = -n**3 + 20*n**2 - 114*n + 146. Calculate a(8).
2
Let h(i) = i**3 + 27*i**2 - 3625. Determine h(-18).
-709
Let s(b) = -124*b + 7900. Calculate s(50).
1700
Let a(j) = j**2 - 69*j - 43124. What is a(-176)?
-4
Let t(y) = -2*y**2 - 177*y + 275. Determine t(-102).
-2479
Let g(c) = -7*c**2 - 4000*c + 40157. What is g(10)?
-543
Let z(o) = -3*o**2 - 6*o - 285. Calculate z(-13).
-714
Let y(z) = -z**2 - 251*z + 4140. Calculate y(17).
-416
Let p(u) = 3*u**3 + 85*u**2 - 17*u - 1053. What is p(-28)?
207
Let p(x) = 340*x + 7921. Determine p(-25).
-579
Let w(z) = 1029*z**2 - 472*z - 2. Give w(1).
555
Let u(l) = 54843*l + 40. Calculate u(0).
40
Let p(j) = -j**3 + 98*j**2 + 2949*j - 20080. Determine p(121).
6
Let p(l) = -l**2 + 5933*l + 113080. Determine p(-19).
-8
Let g(z) = 2*z**3 + 1021*z**2 - 381*z - 3317. Give g(2).
21
Let i(c) = 8*c**2 - 112*c + 950. What is i(19)?
1710
Let l(c) = 1653179*c + 3306385. What is l(-2)?
27
Let a(i) = i**2 + 4225*i + 388368. Determine a(-94).
54
Let v(t) = 30766*t + 338363. Give v(-11).
-63
Let q(p) = 3*p**3 - 26*p**2 - 80174*p + 641525. What is q(8)?
5
Let v(y) = 241*y + 1995. Give v(-11).
-656
Let q(z) = 26*z + 180. What is q(5)?
310
Let z(p) = 26913*p - 53844. Calculate z(2).
-18
Let f(x) = -7*x**2 - 49*x - 621. Give f(-16).
-1629
Let l(k) = -64*k - 23743. Give l(-371).
1
Let a(w) = -w**3 + 57*w**2 - 273*w - 1452. Give a(51).
231
Let p(z) = -68*z**3 - 13*z**2 + 190*z - 357. Determine p(2).
-573
Let k(w) = -w**3 - 10*w**2 + 189*w - 95. Give k(-22).
1555
Let z(l) = 1555*l - 3967. Calculate z(3).
698
Let b(t) = -t**3 + 23*t**2 + 2599*t - 77029. Give b(39).
-4
Let a(v) = 249*v + 88414. Determine a(-334).
5248
Let h(g) = -2*g**3 - 75*g**2 - 35*g + 95. Give h(-37).
21
Let q(s) = -4*s**3 + 7*s**2 + 36*s + 387. Calculate q(-8).
2595
Let j(t) = t**3 + 57*t**2 - 181*t - 3840. Give j(-59).
-123
Let a(z) = -7*z**2 + 372*z - 881. Determine a(57).
-2420
Let y(j) = j**3 + 12*j**2 + 898*j + 9739. What is y(-11)?
-18
Let j(y) = -6*y**3 - 1884*y**2 - 1826*y + 16280. Give j(-313).
4
Let w(q) = -20128*q - 120753. Calculate w(-6).
15
Let r(v) = -584*v - 40171. Give r(-69).
125
Let s(q) = 2356*q**2 + 14131*q - 1. Determine s(-6).
29
Let a(k) = 3*k**2 + 638*k - 15835. Give a(-235).
-90
Let r(c) = -8*c**2 + 2206*c - 61992. Calculate r(244).
-16
Let x(j) = 14815*j - 474077. Give x(32).
3
Let m(x) = x**2 - 27*x - 163. Determine m(-6).
35
Let r(z) = -3*z**2 + 247*z - 1448. Give r(6).
-74
Let c(w) = 31754*w - 762107. Determine c(24).
-11
Let i(w) = w**2 + 3829*w + 362040. Give i(-97).
36
Let a(q) = q**2 - 336684*q + 9. Give a(0).
9
Let q(z) = -56802*z - 170414. Give q(-3).
-8
Let l(d) = -724*d**2 - 5796*d - 5. What is l(-8)?
27
Let w(r) = r**2 + 19*r - 1666. Calculate w(32).
-34
Let i(x) = -6360*x - 44660. Give i(-7).
-140
Let f(t) = 64*t + 5817. What is f(-61)?
1913
Let b(q) = -q**3 + 26*q**2 + 16757*q - 3717. Give b(143).
1
Let g(z) = 135257*z + 2840405. Give g(-21).
8
Let s(w) = w**3 + 142*w**2 - 281*w + 422. Give s(-144).
-586
Let i(a) = -a**3 + 13*a**2 - 1836*a + 23815. Calculate i(13).
-53
Let y(l) = -357*l**2 - 1109*l + 6. Give y(-3).
120
Let r(n) = -500*n**2 + 51*n - 106. Give r(2).
-2004
Let d(b) = 5*b**3 - 12*b**2 + 125*b - 17. Give d(0).
-17
Let m(s) = 834*s + 40911. Determine m(-49).
45
Let t(g) = -1582*g - 14179. Determine t(-9).
59
Let a(c) = -6503*c - 584861. Determine a(-90).
409
Let j(i) = 525*i - 22576. Determine j(43).
-1
Let x(z) = -z**3 - 67*z**2 - 772*z + 41. What is x(-15)?
-79
Let o(i) = 140*i**2 + 1763*i + 71. Determine o(-13).
812
Let g(d) = -2*d**3 - 104*d**2 - 966*d + 584. Determine g(-13).
-40
Let f(p) = -p**2 + 29922*p + 628816. Calculate f(-21).
13
Let